m(t) = -1 + 1 - t**2 + 2 - 2*t. What is the units digit of m(0)?
2
Let t = -27 - -57. What is the units digit of t?
0
Suppose 0 = 4*s - 0*s. Suppose s = 2*y + 12. What is the units digit of (-1)/3 - 26/y?
4
Suppose -x - 50 = -3*g + 50, 5*x = 5*g - 150. Let t = -30 - -16. Let a = g + t. What is the tens digit of a?
2
What is the units digit of (-1 + 0)/(5/(-85))?
7
Suppose -v = -20 + 4. Suppose -5*u + u + v = 0. Suppose -4*i = -j - 32, i + u*j - 46 + 21 = 0. What is the units digit of i?
9
Let j = 0 - 0. Suppose 6*h - 4*h - 40 = j. What is the tens digit of h?
2
Let m(t) = -9*t + 7. Let p be m(-5). What is the tens digit of (2/(-4))/((-2)/p)?
1
Let x be ((-24)/32)/(1/(-4)). Suppose x = 3*d - 3. What is the units digit of d?
2
Suppose -3*p - 4*q + 29 + 3 = 0, 23 = 2*p + 3*q. Suppose 3*l + 34 = -5*y, y = -4*l - p*y - 37. What is the units digit of (0 - 5 - -2)/l?
1
Suppose -4*s + 9 + 11 = 0. Suppose l - 2 = -3*b + 11, -s*l + 2*b = -82. What is the units digit of l?
6
Suppose -y + x + 51 = y, 5*y = 5*x + 130. What is the units digit of y?
5
Let h = -129 + 193. What is the tens digit of h?
6
Suppose 0*n = 3*n - 21. Let r = 1 + n. What is the units digit of r?
8
Suppose -2*j + 4*h = -200, -4*j - 4*h + 307 + 69 = 0. Suppose -j = -c - c. Suppose 3*x - 5*m = 67, -4*x + c = -2*x - 5*m. What is the tens digit of x?
1
Let q(u) = 185*u - 2. What is the hundreds digit of q(1)?
1
Let c(g) = g**2 - 8*g + 1. Let l(h) = -h**3 - 5*h**2 - 2*h - 2. Let j be l(-5). What is the units digit of c(j)?
1
Let g(d) = -4 - 24*d + 8*d - 5*d - 1. What is the tens digit of g(-2)?
3
Let j(q) = 2*q - 4*q + 17 - 2*q + 3*q. What is the units digit of j(6)?
1
Suppose -3*w - 9 = -0*w. Let i = 1 - w. Suppose 0 = -3*b + 2 + i. What is the units digit of b?
2
Let s(u) = -u**2 - 7*u - 6. Let o be s(-6). Suppose -6*k + 10*k = 16. Suppose o = -3*l - l + k. What is the units digit of l?
1
Let j be (-4)/(-14) + 130/35. Suppose 3*z = w + 5, j - 2 = -w. What is the units digit of z?
1
Let a = -23 + 135. Let t = -74 + a. Let n = t - 27. What is the tens digit of n?
1
Suppose -5*a = 85 - 625. Let p = 156 - a. What is the tens digit of p?
4
Let q be 1/((-2)/(-20)*-2). Let r(z) = -z**3 - z**2 - 3*z - 2. Let f be r(-2). Let h = f + q. What is the units digit of h?
3
Let f(w) = -w**2 - 9*w - 14. What is the units digit of f(-6)?
4
Let y(c) = c**3 - 2*c**2 - 2*c. Let v be y(3). Suppose -9 = v*b - q - 3, 2*b + 3*q = 7. Let z = b - -6. What is the units digit of z?
5
Let x be (23 - 1) + -1 - -1. What is the tens digit of 4/8*x/1?
1
Let g be 1*(1 - 1) - 0. Suppose q - 7 + 4 = g. Suppose -q*o + 20 - 7 = 2*m, -23 = -4*m - 5*o. What is the units digit of m?
2
Suppose -3*p + 6 = -6*p. Let y = 6 - p. What is the units digit of y?
8
Let b(s) = 12*s**3 - 3*s**2 - 2*s + 2. Let a(d) = 12*d**3 - 4*d**2 - 3*d + 3. Let f(v) = 2*a(v) - 3*b(v). What is the tens digit of f(-1)?
1
Let j = 58 - 22. What is the units digit of j?
6
Let j(g) = 2*g + 2*g**2 + 4*g**2 + g**3 + 2*g. Let q be j(-3). Let o = q + -7. What is the units digit of o?
8
Let k(r) = 12*r + 3. What is the tens digit of k(3)?
3
Suppose -2*f - 8 = -b, 0 = -2*f - 6 - 0. Suppose -2*o - 3*n - 83 = -6*o, -5*o + 98 = b*n. What is the units digit of (-1 + -4)*(-24)/o?
6
Let s be ((-5)/(-2))/(1/2). Let z(j) = -2 - 4*j + 3*j**2 + 0*j**3 + s*j - j**3. What is the units digit of z(3)?
1
Suppose -5*v - y + 10 = 0, 3*v + 2*v + 4*y = 10. Suppose -156 = 3*f - 2*q, -v*q + 5*q - 153 = 3*f. What is the units digit of (f/(-15))/(6/15)?
9
What is the units digit of 36/(-8)*3*-4 + 3?
7
Let k(m) = 4*m + 9. What is the units digit of k(9)?
5
Let k = 10 + -11. What is the tens digit of 0 - -2*(9 - k)?
2
Let x(u) = -u**3 + 5*u**2 + 4*u + 4. Let q be x(5). Let l be (q/(-32))/(6/(-16)). Suppose -4*h = 4*n - 0*n - 36, 0 = l*h. What is the units digit of n?
9
Let x = -8 - 2. Let y = x - -30. What is the tens digit of y?
2
What is the hundreds digit of (-2)/((2 - 1)/(4780/(-40)))?
2
Suppose -23 = -2*u - 3*j + 62, -u + 2*j + 25 = 0. What is the tens digit of u?
3
Suppose 770 = 5*k + 5*k. What is the units digit of k?
7
Suppose -i = -3*i. Suppose -3*k - 135 = -i*k. What is the units digit of 4/(-18) + (-325)/k?
7
Let r = 40 + -12. What is the tens digit of r?
2
What is the units digit of (5/5)/((-3)/(-177))?
9
Suppose 4*y + 6 - 2 = 0. Let f be (2 - y)/3*2. What is the units digit of (1/(-2))/(f/(-16))?
4
Suppose 6*i = i - 15. Let j(l) = -4 - l - 2*l**2 + 4*l**2 + 4*l. What is the units digit of j(i)?
5
Let v = 84 - 37. What is the units digit of v?
7
Let f(x) = -8*x + 2. What is the units digit of f(-6)?
0
Suppose -4 = -z - 2. Suppose 0 = -4*c - 0*c + 2*p + 20, -3*p = -2*c + z. What is the units digit of c?
7
Suppose -5*y + 102 - 27 = 0. What is the units digit of y?
5
Suppose -3*i + 5*h + 24 = 2*h, -h - 5 = 0. Suppose -5*z - i - 4 = u, -27 = -3*u + z. Suppose 32 = 4*k - u. What is the units digit of k?
0
Let m(b) = 3*b**3 - 3*b**2 + b - 2. Let f be m(2). Suppose 29 = -2*u - 5*i, 2*u - 2*i = -f - 10. Let v = u + 19. What is the units digit of v?
7
Suppose -4*k - 4*b = -476, b - 4*b = -12. What is the hundreds digit of k?
1
Suppose -4 = -4*o + 3*o. Suppose 3*l - 19 = -m, o*m = 2*l + m + 2. Suppose 77 = l*h + 27. What is the units digit of h?
0
Let c = -150 + 353. What is the hundreds digit of c?
2
Let v(y) = -2*y - 9*y + y**2 - 15*y**2 + y**3 - 8. What is the tens digit of v(15)?
5
Let m(f) = f**2 - 10*f - 22. What is the units digit of m(16)?
4
What is the hundreds digit of 1637/11 + 26/143?
1
Let t(y) = -y**3 + 12*y**2 - 6*y + 26. What is the tens digit of t(11)?
8
Let n = -77 + 110. What is the units digit of n?
3
Suppose 0 = -2*v - 3 + 9. Let y(j) = j**3 - 4. What is the units digit of y(v)?
3
Let k(u) = -18*u + 12. What is the tens digit of k(-3)?
6
Let x(w) = 5*w**2 + 6*w - 2. What is the tens digit of x(4)?
0
What is the units digit of (-3 - 0) + (8 - 2) - -75?
8
Suppose 0*y = 3*y - 36. Let v = y - 7. What is the units digit of v?
5
Let j(f) = 3*f - 6 + 41*f**2 - 1 - 40*f**2. What is the tens digit of j(-6)?
1
Let k be 2*(9/3 - 1). Suppose -2*c + 45 = -s, -4 - 16 = k*s. Let p = 35 - c. What is the units digit of p?
5
Suppose 7 + 12 = 5*h - o, -h - 3*o - 9 = 0. What is the units digit of (-9)/h - (-24 + 4)?
7
Suppose 5*d = 2*h - 212, 8*h = 3*h - 3*d + 530. What is the tens digit of h?
0
Suppose -5*q + q = -4*t + 316, 365 = 5*t + q. What is the tens digit of t?
7
Let p = -10 + 23. What is the tens digit of p?
1
Let k be -1*(0 - -2) + 2. Suppose k*a - 3*a + 6 = 0. Suppose 5*x + c - 11 = 0, -a*c - 11 = 2*x - 3*x. What is the units digit of x?
3
Suppose 0*b - 2*b + 60 = -4*p, 0 = -3*b - 4*p + 50. What is the tens digit of (-4)/22 - (-1170)/b?
5
Let g(q) = q**3 + 3*q**2 - q - 20. What is the hundreds digit of g(5)?
1
Let x be (-6)/(-9) + 10/3. Suppose 54 = -3*u - 2*l, -68 = x*u + 4*l - 0*l. Let v = u + 31. What is the units digit of v?
1
Let a be (9 + -7)/((-2)/(-7)). Let v(o) = -o**2 + 9*o - 9. What is the units digit of v(a)?
5
Let m(p) = p**3 - 6*p**2 + 1. Let y be m(6). Let q = 4 - y. What is the units digit of q?
3
Suppose -3*q + 0*q = -27. What is the units digit of q/(-3) - (1 - 9)?
5
Let u(v) = -15*v - 2. Let b(w) = 16*w + 2. Let x(g) = 4*b(g) + 5*u(g). Let c be x(-5). Suppose -6*t + c = 3*i - t, -8 = -2*t. What is the units digit of i?
1
Let a(r) = r + 6. What is the units digit of a(-3)?
3
Suppose 5*b = 67 + 538. What is the tens digit of b?
2
Suppose -37 = -3*k + 119. What is the units digit of (-1)/4 - k/(-16)?
3
Suppose t = 3*t - b - 145, 3*t - 225 = 4*b. What is the units digit of t?
1
Let t(x) = 0*x + 0*x + 2*x**2 - 7*x - 3*x**2 - 1. What is the units digit of t(-6)?
5
Suppose -3*h - 2*w + 5 = 0, -3*h + 12 - 4 = 5*w. Let f(r) = -r**2 - r + 3. Let n be f(2). What is the units digit of 2 + n - (-3 + h)?
1
Suppose -1 - 1 = -f, -3*f - 10 = 2*l. Let r be (-2)/l + (-95)/(-20). Let p(i) = -i**2 + 6*i - 1. What is the units digit of p(r)?
4
Let m = 17 + -11. What is the units digit of m?
6
Let d = -10 - -89. What is the units digit of d?
9
Let k be (-1)/4 - 42/(-8). Let t(g) = g - 4. Let b(s) = 3*s - 11. Let h(u) = 2*b(u) - 7*t(u). What is the units digit of h(k)?
1
Let i = -10 + 29. Suppose i = 2*h - 19. What is the units digit of h?
9
Suppose 6*p = p + 20. Suppose 12 = p